ens digit of 1878?
7
What is the ten thousands digit of 24912?
2
What is the hundreds digit of 25428?
4
What is the tens digit of 609?
0
What is the units digit of 2168?
8
What is the tens digit of 26957?
5
What is the hundreds digit of 7685?
6
What is the tens digit of 4652?
5
What is the thousands digit of 16226?
6
What is the thousands digit of 4724?
4
What is the thousands digit of 3100?
3
What is the hundreds digit of 1763?
7
What is the tens digit of 21613?
1
What is the thousands digit of 1553?
1
What is the tens digit of 3712?
1
What is the ten thousands digit of 14029?
1
What is the ten thousands digit of 10230?
1
What is the hundreds digit of 24662?
6
What is the hundreds digit of 21786?
7
What is the units digit of 47652?
2
What is the units digit of 93?
3
What is the units digit of 34696?
6
What is the hundreds digit of 3846?
8
What is the hundreds digit of 2991?
9
What is the thousands digit of 2392?
2
What is the units digit of 10313?
3
What is the tens digit of 11337?
3
What is the units digit of 6058?
8
What is the thousands digit of 6742?
6
What is the hundreds digit of 4332?
3
What is the hundreds digit of 4111?
1
What is the hundreds digit of 2577?
5
What is the units digit of 1159?
9
What is the units digit of 40?
0
What is the tens digit of 8916?
1
What is the hundreds digit of 890?
8
What is the hundreds digit of 4558?
5
What is the hundreds digit of 80790?
7
What is the thousands digit of 76666?
6
What is the thousands digit of 13508?
3
What is the units digit of 1379?
9
What is the units digit of 4160?
0
What is the ten thousands digit of 12062?
1
What is the hundreds digit of 408?
4
What is the units digit of 90368?
8
What is the thousands digit of 4884?
4
What is the hundreds digit of 1428?
4
What is the tens digit of 1333?
3
What is the thousands digit of 142420?
2
What is the tens digit of 11030?
3
What is the hundreds digit of 1356?
3
What is the hundreds digit of 947?
9
What is the tens digit of 3805?
0
What is the thousands digit of 40175?
0
What is the units digit of 184420?
0
What is the units digit of 331?
1
What is the hundreds digit of 2865?
8
What is the tens digit of 572?
7
What is the hundreds digit of 2849?
8
What is the tens digit of 1603?
0
What is the thousands digit of 55383?
5
What is the thousands digit of 15011?
5
What is the tens digit of 1027?
2
What is the tens digit of 1807?
0
What is the hundreds digit of 1863?
8
What is the tens digit of 539?
3
What is the tens digit of 93?
9
What is the thousands digit of 3345?
3
What is the thousands digit of 6244?
6
What is the tens digit of 156?
5
What is the thousands digit of 3358?
3
What is the tens digit of 88?
8
What is the units digit of 13234?
4
What is the tens digit of 100461?
6
What is the hundreds digit of 60558?
5
What is the thousands digit of 8679?
8
What is the hundreds digit of 361?
3
What is the hundreds digit of 123368?
3
What is the ten thousands digit of 11510?
1
What is the ten thousands digit of 26966?
2
What is the thousands digit of 4396?
4
What is the thousands digit of 1357?
1
What is the units digit of 405?
5
What is the hundreds digit of 51437?
4
What is the thousands digit of 1268?
1
What is the hundreds digit of 100?
1
What is the tens digit of 3742?
4
What is the tens digit of 1896?
9
What is the hundreds digit of 2564?
5
What is the thousands digit of 2448?
2
What is the hundreds digit of 617?
6
What is the units digit of 85034?
4
What is the hundreds digit of 9576?
5
What is the ten thousands digit of 20618?
2
What is the hundreds digit of 468?
4
What is the tens digit of 2918?
1
What is the units digit of 23062?
2
What is the tens digit of 4996?
9
What is the hundreds digit of 426?
4
What is the hundreds digit of 1267?
2
What is the units digit of 41?
1
What is the thousands digit of 24381?
4
What is the tens digit of 1692?
9
What is the hundreds digit of 10746?
7
What is the tens digit of 28143?
4
What is the hundreds digit of 1287?
2
What is the thousands digit of 60634?
0
What is the units digit of 58212?
2
What is the units digit of 5919?
9
What is the hundreds digit of 8640?
6
What is the hundreds digit of 72024?
0
What is the tens digit of 50921?
2
What is the hundreds digit of 297?
2
What is the hundreds digit of 881?
8
What is the units digit of 93516?
6
What is the thousands digit of 32716?
2
What is the tens digit of 1159?
5
What is the units digit of 5227?
7
What is the units digit of 236?
6
What is the ten thousands digit of 70819?
7
What is the tens digit of 37657?
5
What is the units digit of 28084?
4
What is the tens digit of 865?
6
What is the thousands digit of 46143?
6
What is the hundreds digit of 2528?
5
What is the ten thousands digit of 21847?
2
What is the tens digit of 38102?
0
What is the units digit of 3285?
5
What is the tens digit of 22886?
8
What is the hundreds digit of 1564?
5
What is the thousands digit of 16669?
6
What is the ten thousands digit of 33229?
3
What is the units digit of 353?
3
What is the tens digit of 1241?
4
What is the units digit of 682?
2
What is the units digit of 18155?
5
What is the tens digit of 15170?
7
What is the hundred thousands digit of 134467?
1
What is the thousands digit of 15538?
5
What is the units digit of 2135?
5
What is the thousands digit of 87133?
7
What is the tens digit of 3676?
7
What is the tens digit of 1460?
6
What is the units digit of 798?
8
What is the tens digit of 2532?
3
What is the hundreds digit of 20227?
2
What is the units digit of 7645?
5
What is the hundreds digit of 3074?
0
What is the hundreds digit of 18248?
2
What is the hundreds digit of 425?
4
What is the hundreds digit of 27169?
1
What is the thousands digit of 99497?
9
What is the thousands digit of 3319?
3
What is the tens digit of 53223?
2
What is the tens digit of 150409?
0
What is the tens digit of 2500?
0
What is the tens digit of 1585?
8
What is the hundreds digit of 5557?
5
What is the thousands digit of 1005?
1
What is the tens digit of 1109?
0
What is the units digit of 38107?
7
What is the thousands digit of 1156?
1
What is the tens digit of 1593?
9
What is the units digit of 9289?
9
What is the thousands digit of 31579?
1
What is the ten thousands digit of 120641?
2
What is the hundreds digit of 21164?
1
What is the hundreds digit of 2283?
2
What is the thousands digit of 8107?
8
What is the units digit of 2330?
0
What is the units digit of 23052?
2
What is the tens digit of 3512?
1
What is the units digit of 398?
8
What is the units digit of 9182?
2
What is the units digit of 3029?
9
What is the hundreds digit of 6997?
9
What is the thousands digit of 2505?
2
What is the ten thousands digit of 44234?
4
What is the tens digit of 36890?
9
What is the units digit of 26932?
2
What is the units digit of 8710?
0
What is the tens digit of 48676?
7
What is the tens digit of 5500?
0
What is the tens digit of 55093?
9
What is the thousands digit of 8683?
8
What is the units digit of 1341?
1
What is the units digit of 19060?
0
What is the hundreds digit of 25745?
7
What is the thousands digit of 11344?
1
What is the hundreds digit of 1505?
5
What is the thousands digit of 4899?
4
What is the tens digit of 1535?
3
What is the units digit of 16708?
8
What is the tens digit of 296?
9
What is the hundreds digit of 6346?
3
What is the units digit of 5350?
0
What is the units digit of 590?
0
What is the ten thousands digit of 62574?
6
What is the thousands digit of 44737?
4
What is the hundreds digit of 60903?
9
What is the thousands digit of 6210?
6
What is the hundreds digit of 1115?
1
What is the units digit of 1204?
4
What is the units digit of 99?
9
What is the thousands digit of 44298?
4
What is the thousands digit of 2029?
2
What is the hundreds digit of 1147?
1
What is the units digit of 74?
4
What is the tens digit of 1820?
2
What is the hundreds digit of 45615?
6
What is the units digit of 1083?
3
What is the units digit of 46786?
6
What is the thousands digit of 2713?
2
What is the units digit of 73643?
3
What is the hundreds digit of 880?
8
What is the units digit of 91?
1
What is the hundreds digit of 2825?
8
What is the hundreds digit of 928?
9
What is the tens digit of 1323?
2
What is the ten thousands digit of 12475?
1
What is the tens digit of 3533?
3
What i